ommon divisor of d and p.
17
Let t(x) = 2*x**2 + 3*x - 12. Let p be t(6). Let d = -43 + p. Suppose 3*b = -0*b + 21. What is the greatest common divisor of b and d?
7
Suppose -4*z - 56 = 144. Let n be (-30)/z + 226/(-10). Let m = n + 30. Calculate the highest common divisor of 88 and m.
8
Suppose 0 = 3*f - f + 136. Let x = -46 - f. What is the highest common divisor of x and 77?
11
Let a be (-2)/((-354)/51*-1 - 7). Calculate the highest common divisor of 323 and a.
17
Suppose -7*k = -151 + 53. Let y be 12/k*(35 + -14). What is the greatest common factor of y and 126?
18
Suppose 0 = -3*m - 2*o + 96, 5*m = 3*o - 105 + 246. What is the highest common factor of 480 and m?
30
Let h(m) = -m**2 + 42*m - 280. Let v be h(32). What is the greatest common factor of v and 110?
10
Suppose 98 = 2*o + 2*w, 0*o + 3*o - 177 = 3*w. What is the greatest common factor of o and 243?
27
Let r(p) = -3*p - 19. Let t be r(-8). Suppose 5*u - 69 = y, -118 + 33 = -t*u + 5*y. Let z = 38 - -66. Calculate the greatest common divisor of u and z.
13
Let i(g) = g**3 - g**2 - 4*g + 8. Let x be i(6). Suppose -5*m + 111 = -x. Let v(n) = 490*n - 4399. Let h be v(9). What is the highest common factor of m and h?
11
Let t(s) = -s + 6. Let z be t(4). Let l be z - (10 + -1 - 1). Let c = l + 276. Calculate the highest common divisor of 27 and c.
27
Let h be 4344/84 - (-4)/14. Suppose -f - 150 = -l - 6*f, -3*f + 12 = 0. What is the greatest common factor of l and h?
26
Let i be (-4)/(-40) + (-2 - 1478/(-20)). Calculate the greatest common divisor of 32 and i.
8
Suppose -i + 111 = 4*q, 3*q + 4*i - 80 = -0*q. Let m(f) = f**2 + 8*f - 41. Let c be m(-12). Calculate the highest common factor of c and q.
7
Let p(y) = -y**3 + 16*y**2 + 14*y + 1. Let v be p(16). Let a = 31 + -27. Suppose -a*s - s + v = 0. What is the highest common factor of 9 and s?
9
Suppose 5*v - 1290 = -5*u, -4*v + 5*u + 1048 = u. What is the greatest common factor of v and 20?
20
Suppose 0 = y - 3*y + 5*q - 37, 0 = -5*y + 4*q - 67. Let t be 5*2/(-2) - y. Calculate the highest common factor of t and 24.
6
Let c be (-3 - 25480/(-15)) + (-3)/(-9). What is the greatest common factor of 106 and c?
106
Suppose -4*n = -191 - 225. Let f(c) = c + 24. Let b be f(0). Let m be b - (-2)/(-1 + 2). Calculate the highest common factor of n and m.
26
Suppose 0 = 4*i - s - 384, 2*s = -0*s. Suppose -8*t = -4*t - i. Let q = 13 - 9. Calculate the highest common factor of q and t.
4
Suppose -57*t + 1430 = -46*t. What is the greatest common divisor of 26 and t?
26
Suppose 17*u = 13*u + 44. Suppose -5*t = -u - 9. Calculate the greatest common factor of t and 20.
4
Suppose -141 = -54*j + 1911. Calculate the highest common divisor of j and 912.
38
Suppose -2*y - 30 = -7*y - 5*b, -12 = -y + b. Suppose -y*p = -12*p + 30. What is the greatest common divisor of 80 and p?
10
Let u(z) = -z**2 + 12*z - 12. Let t = -10 + 20. Let w be u(t). Calculate the greatest common divisor of w and 8.
8
Suppose 8 = 5*b - b. Suppose 4*j + y - 587 = 0, -b*j = -4*j + y + 295. Let r = 196 - 175. What is the greatest common divisor of j and r?
21
Let x be (0 + 3)/(((-117)/192)/(-13)). What is the greatest common divisor of x and 96?
32
Let s be (-11398)/(-973) + (-1)/7*-2. What is the greatest common factor of 12 and s?
12
Let c(d) = -29*d - 948. Let x be c(-34). Suppose -a - 21 = 5*u + 31, 0 = -4*a + 4*u - 112. Let t = -13 - a. What is the highest common factor of x and t?
19
Let y be 2*(-6)/4*(-20)/15. Suppose 4*i + y*j = 52, -i = -0*j + 2*j - 16. Calculate the greatest common divisor of i and 20.
10
Suppose 4*h - 3*v - 26 = 25, -42 = -3*h + 3*v. Calculate the greatest common divisor of 63 and h.
9
Suppose 2*o = -3 + 5, 0 = -v - 4*o + 16. Suppose -4*m - 36 = -4*q, -5*q + 26*m - 25*m + 33 = 0. Calculate the highest common divisor of q and v.
6
Suppose -3*s - 4 = 2. Let u(x) = -5*x + 5. Let i be u(s). Suppose 5*f = i, -4*f = 3*y - 3*f - 24. What is the highest common factor of 49 and y?
7
Let m(o) = -o**2 + 1. Let f be m(-3). Let k be 135/30*f/(-3). Suppose 4*x + 8 - 24 = 0. Calculate the highest common divisor of x and k.
4
Let a(g) = 9*g - 21. Let c be a(9). Let q(u) = u**2 - 6*u + 12. Let h be q(6). What is the greatest common divisor of h and c?
12
Suppose 91*a - 12293 = -8. Calculate the greatest common divisor of a and 75.
15
Let u(o) = 2*o + 4. Let j be u(4). Suppose 0 = -6*r + 2*r + j. Suppose 2*p - 3 = 1, -3*g + r*p + 75 = 0. Calculate the highest common factor of 135 and g.
27
Let v(p) = p**2 + 2*p - 163 + 84 + 78. Suppose -2*y - 4*d - 4 = -2, -5*d - 3 = 2*y. Let g be v(y). Calculate the highest common factor of g and 2.
2
Suppose -4*w + 76 + 48 = 0. Suppose 5*s - 191 = -w. What is the highest common divisor of s and 48?
16
Let s be (-2 + (-3 - -2))*(-17 - -12). Suppose 2*j - l - 122 = 0, 4*l = -2*j - 0*l + 112. Calculate the highest common factor of s and j.
15
Suppose 31*d + 5268 = 48761. What is the greatest common divisor of d and 61?
61
Suppose 0 = -19*b + 8*b + 55. Suppose -3*q + 0*q + 4*u + 331 = 0, 529 = b*q - u. Calculate the highest common factor of 15 and q.
15
Let v be (-4 + 449 + 0)*1. Suppose 4*y - 4*f = -5*f + v, 4*y - 454 = 2*f. Calculate the greatest common divisor of 16 and y.
16
Suppose -11 = -p + 39. Suppose -5*t + 3*v + 90 = -1, 2*t - v - 37 = 0. Calculate the greatest common divisor of p and t.
10
Let r = 199 + -109. Let q = r + -50. What is the greatest common factor of 60 and q?
20
Suppose 2*y - 93 = 5*q, -549*y + 545*y = 2*q - 174. What is the highest common divisor of y and 124?
4
Let k(u) = 14*u + 7*u**2 + 3*u**2 - 3*u**2 - u**3 + 5*u**2 + 3. Let i be k(13). Let b be ((-12)/i)/(4/(-16)). Calculate the greatest common divisor of 3 and b.
3
Let q be (16/20)/(3/(1485/6)). Suppose 0 = 3*o - 117 + q. Calculate the highest common divisor of 272 and o.
17
Let j be -1*6*16/24. Let k(n) = -7*n - 21. Let o be k(j). What is the greatest common factor of o and 49?
7
Suppose -5 = -4*b - 3*o, -14*o + 12*o - 10 = 0. Let u(n) = n**2 + n - 5. Let q be u(5). Calculate the greatest common divisor of b and q.
5
Let a(s) = s**3 - 2*s**2 + 2. Suppose 3*c = -0*c - 3*r, 0 = -c + r + 4. Suppose -6 = -2*u - c. Let o be a(u). What is the greatest common divisor of 18 and o?
2
Suppose g = 3*v - 121, -v = 6*g - g - 35. Let t(k) = 118*k - 1. Let o be t(1). Let a be -1*2/9 + 1196/o. What is the greatest common divisor of a and v?
10
Let z(n) = n**2 + n + 4. Let d be z(3). Let h be 8*(5 + 2)/28. Calculate the greatest common factor of d and h.
2
Let k = 30 + -27. Suppose 75 = 2*m + k*m. Let y = -11 + m. What is the greatest common divisor of 10 and y?
2
Let u = 24 + 3. Suppose 0 = u*m - 28*m + 16. Let i = -7 - -11. What is the greatest common factor of m and i?
4
Suppose -4*r + 272 = -0*r. Let b be (r/3)/(24/36). What is the greatest common factor of b and 17?
17
Let m = -23 - -29. Let n(x) be the first derivative of 2*x**3/3 - 3*x**2/2 - 2*x - 3. Let v be n(4). Calculate the greatest common divisor of v and m.
6
Let d = 119 + -80. Let q = -7642 - -7694. What is the highest common factor of q and d?
13
Let k(p) = 25*p - 62. Let a be k(8). Calculate the greatest common factor of 18 and a.
6
Let x be (3/4)/1 - (-14098)/424. Calculate the highest common divisor of x and 51.
17
Let q = -103 + 123. What is the greatest common divisor of 500 and q?
20
Let r = -229 + 274. What is the highest common factor of r and 405?
45
Suppose -w - 4*d = d - 38, -3*w = 5*d - 74. Let r = 6 + w. Suppose -41*i + 64*i - 69 = 0. Calculate the highest common factor of r and i.
3
Suppose -3*q + 7 = 1. Suppose 5*v - 193 = -3*n, -n - q*v = -0*v - 66. Suppose 0 = -5*r - 13 + 48. What is the highest common factor of n and r?
7
Suppose 3*v + w = 240 + 71, 0 = 4*v + 4*w - 412. Calculate the highest common divisor of 1508 and v.
52
Let p be 2/4*6 - -1. Let a = 11 - p. Suppose 17*v - 1670 = -361. Calculate the highest common divisor of v and a.
7
Let n(f) = f**3 + 7*f**2 - 22*f - 5. Let p be n(-9). What is the greatest common divisor of p and 1457?
31
Suppose 0 = -3*w + 43 + 29. Let t = 779 - 611. What is the greatest common divisor of w and t?
24
Let y(q) = 2*q**2 + 14*q - 13. Let d be y(-8). What is the highest common divisor of d and 57?
3
Let j(q) = 4*q + 25. Let d be j(14). Suppose -45 = u - 6*u